mon divisor of 377 and 436595?
29
What is the highest common factor of 212 and 108?
4
Calculate the greatest common factor of 50521 and 19.
19
Calculate the highest common divisor of 16095 and 1443.
111
What is the highest common divisor of 17915312 and 32?
16
Calculate the highest common factor of 219105 and 69789.
1623
Calculate the highest common factor of 4529 and 414080.
647
Calculate the highest common factor of 1760 and 77.
11
Calculate the highest common divisor of 63240 and 62.
62
Calculate the greatest common factor of 891 and 261657.
297
What is the highest common factor of 274374 and 96?
6
Calculate the highest common factor of 210 and 653646.
42
Calculate the greatest common divisor of 144 and 3056.
16
Calculate the greatest common factor of 13618 and 22.
22
What is the greatest common divisor of 340 and 823072?
68
Calculate the highest common divisor of 149758 and 931.
133
Calculate the greatest common divisor of 62965 and 245.
245
Calculate the highest common divisor of 89992 and 21.
7
What is the highest common divisor of 36287 and 4709?
277
What is the highest common divisor of 6 and 32962?
2
Calculate the greatest common divisor of 250 and 2650.
50
What is the greatest common divisor of 1992 and 5893?
83
What is the highest common factor of 21783 and 2703?
159
Calculate the highest common divisor of 172 and 180772.
172
Calculate the greatest common divisor of 235116 and 315.
63
Calculate the greatest common divisor of 4968 and 83766.
138
What is the highest common factor of 753 and 630?
3
What is the greatest common divisor of 60 and 1173468?
12
Calculate the greatest common divisor of 7325 and 150.
25
Calculate the highest common divisor of 58206 and 42510.
654
What is the highest common divisor of 1184521 and 1118?
559
Calculate the greatest common divisor of 48 and 26328.
24
What is the greatest common divisor of 3524865 and 391?
391
Calculate the greatest common factor of 12578 and 121808.
662
Calculate the greatest common factor of 39091 and 39.
13
Calculate the highest common factor of 617746 and 34.
34
What is the highest common factor of 33 and 235961?
11
What is the highest common factor of 5025631 and 13?
13
Calculate the greatest common divisor of 15130 and 1246.
178
Calculate the highest common factor of 574782 and 66.
6
Calculate the highest common factor of 16254 and 56.
14
What is the highest common factor of 8954 and 47434?
74
Calculate the greatest common factor of 441 and 1150128.
441
What is the greatest common factor of 200 and 37975?
25
What is the greatest common factor of 81 and 145773?
27
What is the greatest common factor of 222 and 1234098?
222
What is the greatest common divisor of 3749 and 782?
23
What is the greatest common factor of 445 and 6420015?
445
Calculate the highest common divisor of 4205 and 5365.
145
Calculate the greatest common divisor of 2465 and 3596435.
2465
Calculate the highest common factor of 90 and 595635.
15
Calculate the greatest common factor of 15364 and 276.
92
What is the greatest common divisor of 185100 and 2064?
12
What is the greatest common factor of 6006 and 36894?
858
What is the greatest common factor of 667715 and 10?
5
What is the highest common divisor of 45 and 41589?
9
What is the greatest common factor of 864 and 7452?
108
Calculate the greatest common factor of 219 and 2218032.
219
What is the highest common factor of 12810 and 4452?
42
Calculate the highest common divisor of 335628 and 54.
18
What is the highest common divisor of 4540 and 1014236?
908
What is the highest common factor of 12595 and 550?
55
Calculate the highest common divisor of 234 and 18798.
78
What is the greatest common factor of 12779 and 39?
13
Calculate the highest common divisor of 956 and 171602.
478
Calculate the highest common divisor of 113135 and 85.
85
What is the highest common factor of 19866 and 42?
42
Calculate the greatest common factor of 378 and 8344.
14
What is the greatest common factor of 48 and 39?
3
What is the greatest common divisor of 4623 and 141?
3
Calculate the greatest common divisor of 29502 and 1782.
198
What is the highest common divisor of 1224 and 1128664?
136
What is the greatest common divisor of 30 and 68702?
2
Calculate the highest common divisor of 1104 and 43125.
69
Calculate the greatest common divisor of 1518 and 486.
6
Calculate the greatest common factor of 12 and 49822.
2
What is the greatest common factor of 100396 and 22457?
1321
What is the highest common factor of 2324 and 154?
14
Calculate the highest common factor of 705 and 271895.
235
Calculate the greatest common factor of 4 and 13292.
4
Calculate the greatest common divisor of 344 and 6175402.
86
Calculate the greatest common factor of 48156 and 228.
12
Calculate the greatest common divisor of 166 and 25813.
83
What is the greatest common factor of 364973 and 119?
119
What is the highest common divisor of 6219 and 261?
9
What is the greatest common divisor of 1108 and 137946?
554
What is the greatest common divisor of 615 and 496920?
615
Calculate the highest common factor of 148 and 5439.
37
What is the highest common factor of 437 and 25093?
23
Calculate the highest common factor of 630 and 719670.
210
Calculate the highest common factor of 96591 and 33.
33
Calculate the highest common factor of 1092789 and 72.
9
What is the highest common divisor of 211081 and 65?
13
Calculate the greatest common factor of 5070 and 44160.
30
What is the highest common factor of 374 and 38896?
374
What is the greatest common factor of 7680 and 127360?
640
Calculate the highest common factor of 2224 and 1712.
16
Calculate the highest common factor of 548335 and 680.
85
What is the highest common divisor of 30 and 4397790?
30
What is the highest common factor of 2380 and 959735?
595
Calculate the highest common divisor of 62 and 1053070.
62
What is the highest common factor of 1394 and 3239?
41
What is the highest common factor of 29159 and 39?
13
What is the highest common factor of 7 and 60067?
7
What is the greatest common divisor of 512 and 129856?
64
Calculate the highest common factor of 80511 and 2867.
47
What is the greatest common factor of 12 and 204492?
12
Calculate the highest common factor of 2154 and 17591.
359
What is the greatest common divisor of 45 and 923319?
9
What is the highest common divisor of 21 and 1960?
7
What is the highest common divisor of 277101 and 759?
33
Calculate the greatest common divisor of 145768 and 448.
56
Calculate the greatest common divisor of 31688 and 408.
136
What is the greatest common factor of 669769 and 38?
19
Calculate the highest common divisor of 54 and 4280256.
54
What is the highest common divisor of 55350 and 15744?
246
Calculate the greatest common divisor of 79764 and 828.
276
What is the greatest common divisor of 81950 and 117710?
1490
What is the greatest common factor of 228 and 25012?
4
What is the greatest common divisor of 11606 and 70?
14
Calculate the greatest common divisor of 226 and 580707.
113
What is the greatest common factor of 112534 and 4?
2
What is the highest common factor of 11180 and 22016?
172
What is the greatest common divisor of 13126113 and 462?
231
Calculate the greatest common factor of 9 and 55017.
9
Calculate the highest common divisor of 7102 and 268.
134
What is the greatest common factor of 255 and 765?
255
Calculate the greatest common divisor of 240 and 1235820.
60
Calculate the highest common divisor of 1728 and 6624.
288
What is the greatest common divisor of 943 and 3239?
41
Calculate the highest common divisor of 37590 and 90.
30
Calculate the greatest common divisor of 1674 and 216.
54
Calculate the greatest common factor of 244 and 1014796.
244
Calculate the greatest common divisor of 4345495 and 2695.
385
Calculate the greatest common divisor of 1427544 and 648.
648
Calculate the highest common factor of 324 and 19008.
108
Calculate the highest common factor of 273 and 468.
39
What is the greatest common divisor of 375184 and 48?
16
Calculate the greatest common divisor of 35669 and 159.
53
Calculate the greatest common divisor of 35 and 698915.
35
What is the highest common factor of 32 and 3052208?
16
Calculate the highest common divisor of 543240 and 9720.
1080
What is the highest common f